be s(b). What are the prime factors of 1/(-3 + 455/d)?
2, 3, 5
Suppose 2*z = -h + 1109, 2*z + 2276 = 2*h + 58. What are the prime factors of h?
1109
List the prime factors of 1 + ((-2)/5 - (-1524)/60).
2, 13
Suppose 5*a - 2*d - 447 = 781, -3*a - 5*d = -743. List the prime factors of a.
2, 3, 41
Suppose 4*t - 331 = h, t - 6*t - 3*h = -435. Suppose 27 = -s - p + t, 2*p - 230 = -4*s. Suppose -5*y + s = -7. List the prime factors of y.
13
List the prime factors of -1016*(-4*(-2)/(-32) + -1).
2, 5, 127
List the prime factors of (-5)/(-4) + (-17580)/(-80).
13, 17
Suppose 2896 = 919*q - 915*q. What are the prime factors of q?
2, 181
Suppose -2*x - 2*b = b - 326, 2*b = -x + 162. Let d = x + -108. What are the prime factors of d?
2, 29
Suppose -4*o = -2*n - 14, 4*o + 2*n - 15 = 11. Suppose -34 = -j - w - 3*w, -o*w + 140 = 5*j. What are the prime factors of j + (-4 - -3 - -2)?
3
Suppose -i = 3*i - 36. Let l = 231 + -254. Let u = i - l. List the prime factors of u.
2
Let x be 6 - ((-2 - -6) + -2). Suppose -m = -5*a - 0*m, -x*m + 20 = 0. Suppose 3*z - 5*y - a = 0, 2*y = 2*z - 3*y + 1. What are the prime factors of z?
2
What are the prime factors of (-5 - (-640 - 3))*49/14?
7, 11, 29
Suppose 9*n + 3 = 10*n. Let c be 42*(4 - (0 + n)). Suppose 0 = 5*r - 3*r - c. What are the prime factors of r?
3, 7
Suppose 4*s - s - 1208 = -4*z, -s - 5*z = -388. Suppose 0 = -2*d + 4*c + s, -d + 3*d - 408 = 3*c. List the prime factors of d.
2, 3, 17
Let z = 0 + 4. Let h be z + -1 - (-2 + 2). Suppose -5*q = -h*u + 34, 5*u = 3*u - 3*q + 10. What are the prime factors of u?
2
Let o be (-1)/(-1) - (10 + -3). Suppose -4*p + 0*i - 2*i + 4 = 0, 4*p - 4 = 5*i. List the prime factors of p/(2/o) + 11.
2
Let i be (2 - 6)/(1 - 0). Let z(p) = -p**3 - 5*p**2 - 5*p - 1. Let f be z(i). What are the prime factors of (-62)/2*(2 - f)?
31
Let d(p) = 2*p + 4. Let j be d(5). Suppose j = -2*q - 8. Let u = q - -16. What are the prime factors of u?
5
Let c be (348/20)/((-4)/(-20)). Let p = c - 49. List the prime factors of p.
2, 19
Let n be (-1)/((-3 + 4)/(-6)). Suppose -2*d = d - n. Suppose 0 = 4*a - 2*k - 36, -d*a + a - 5*k + 31 = 0. What are the prime factors of a?
11
Let s = -19 - -22. Suppose -2*u + 14 = -h, -u - s*h + 13 = -5*h. Suppose 5*j - j + 2*l = 132, 0 = 2*j + u*l - 50. List the prime factors of j.
5, 7
Let s(u) = u**3 - 5*u**2 + 5*u + 6. Let b be 6/27 - 237/(-27). Let h = b - 4. What are the prime factors of s(h)?
31
Let w(g) be the third derivative of -g**7/5040 + 17*g**6/720 - g**5/12 + 4*g**2. Let f(p) be the third derivative of w(p). What are the prime factors of f(0)?
17
Suppose 0 = a - 6 + 10. Let b(m) = -4*m - 3. Let y be b(a). Let g = 0 + y. List the prime factors of g.
13
Suppose 15*h + 2 = 32. Suppose -4*p + 12 + 4 = 0. Suppose p*l - h*l = 106. List the prime factors of l.
53
Let x be 5706/9 + -3 + 1 - 0. Suppose -x + 221 = -3*c. What are the prime factors of c?
137
Let p(a) = 51*a**2 - 27*a + 65. What are the prime factors of p(9)?
59, 67
Let c = 15 - 18. Let x = c + 14. Suppose b = 3*f, -1 + x = 5*f. What are the prime factors of b?
2, 3
Let p(n) = n - 15. Let b be p(6). Let o = b - -12. List the prime factors of o.
3
Let q be ((-8)/6)/((-36)/4590). Let l = -113 + q. What are the prime factors of l?
3, 19
Let a(u) be the second derivative of u**4/3 - 4*u**3/3 - 2*u**2 - 47*u. List the prime factors of a(-6).
2, 47
Let t be -2 - (2/6 - (-1256)/(-24)). What are the prime factors of 9690/t - 1/(-5)?
2, 97
Let l = 67 - -53. What are the prime factors of l + -2 + 8/(-2)?
2, 3, 19
Let f(a) = 35*a**2 - 2*a + 2. Let n be ((-3)/(-3) - 2)*-5. Suppose -n*q = 3*y - 3 + 1, -q - 3*y = 2. What are the prime factors of f(q)?
5, 7
Suppose -2 = -2*z - 4. Let s(v) = -v**3 + 5*v**2 + 4*v - 12. Let n be s(5). Let c = n + z. What are the prime factors of c?
7
Suppose -4*v = 3*t + 24, 5*v - v - 3*t = 0. What are the prime factors of (-10)/15 - 233/v?
7, 11
Suppose 2208 = 5*l - 2*s + 246, -4*l - s = -1580. What are the prime factors of l?
2, 197
Let i be (-1)/(-3 - (-55)/18). Let j = i - -84. What are the prime factors of j?
2, 3, 11
Suppose -5*v - 4*s = -1559, -3*v - 2*s + 6*s = -929. List the prime factors of v.
311
Suppose -r = -3*r - 106. Let d be (-1)/(2/(462/3)). Let c = r - d. What are the prime factors of c?
2, 3
Let u(t) = 24*t**3 + t**2 + 64*t - 382. What are the prime factors of u(5)?
2963
Let t be 2/(-5) - (-77)/5. Suppose -t = -3*a + 294. List the prime factors of a.
103
List the prime factors of (-70)/8*8/(-12)*426.
5, 7, 71
List the prime factors of (-1)/(-3) + (-24865)/(-15).
2, 829
Suppose 2*z - 5*k + 398 = 4*z, 5*k + 398 = 2*z. Suppose -4*g = -4*o + 232, 3*g + 2*o = -0*o - z. List the prime factors of 9*(-6)/g*49.
2, 3, 7
Let u(p) = -4*p**2 - 6*p. Let m be u(-5). Let a = 127 + m. What are the prime factors of a?
3, 19
Let d = 2 - 2. Suppose d = -g + 34 + 9. What are the prime factors of g?
43
Let l = 1028 - 542. What are the prime factors of l?
2, 3
Let f be 1/((-15)/9 - -2). Let r be 290 + (-1 - (-12)/f). What are the prime factors of r/4 + 2/(-8)?
73
Let j = 0 - -3. Let f(t) = -t**3 + 5*t**2 - 2*t. Let k be f(j). Suppose -k + 7 = -v. What are the prime factors of v?
5
Suppose -4*j - 6 = 2*q, -j + 3*q - 1 = 3*j. Let o be 10*j/2*-1. Suppose -o*u + 14 = -61. List the prime factors of u.
3, 5
What are the prime factors of (-746144)/(-168) - (-24)/9?
2, 11, 101
Suppose -u = 2*h - 2476, u + 3525 = 5*h - 2651. What are the prime factors of h?
2, 3, 103
Let w(c) = -c**3 + 2*c**2 - c + 6. Let z be w(4). Let b = 56 + z. What are the prime factors of b?
2, 13
Let c = -32 - -35. Suppose w = -c*j + 79, w - j - 45 = 50. What are the prime factors of w?
7, 13
List the prime factors of 10/30 + 26/(-6) + 946.
2, 3, 157
Let i = 346 - 348. Let s(p) = -2*p + p + 4*p + 4 + 13*p**2. List the prime factors of s(i).
2, 5
Suppose -2*p - 33 = -3*q, q + 8 = -2*p - 13. What are the prime factors of -3*8/p*28?
2, 7
Let a(x) = -361*x - 138. List the prime factors of a(-4).
2, 653
Let x(o) = o + 21. Let r be 1*4/(-8)*-4. Let k(b) = -b**2 + 3*b - 2. Let z be k(r). List the prime factors of x(z).
3, 7
Let m = 162 - -212. What are the prime factors of m?
2, 11, 17
What are the prime factors of ((-126)/(-27) + 6)/(2/114)?
2, 19
Let t be 4 - (-12 + 9 + (0 - -4)). Suppose -96 = -h + 3*c, -2*c + t = 1. List the prime factors of h.
3, 11
Let t be (-11)/22*(-26 + 0). Let j = t - -15. Let p = j + -1. List the prime factors of p.
3
Let y(x) = -18*x**3 - 2*x**2 - x. Let r(o) = -o + 6. Let m be r(7). Let z be y(m). Suppose -w + 14 = -z. List the prime factors of w.
31
Suppose -3*p - 480 = -5*z + 2*z, -162 = -z - p. Suppose 2*q - 371 - z = 0. What are the prime factors of q?
2, 7, 19
Suppose 3*k = -k - 788. Let b = 408 + k. List the prime factors of b.
211
Suppose 2*a - 447 = 4*w + 195, 0 = -5*w - 3*a - 830. Let p = w + 242. List the prime factors of p.
79
Let a(o) = 13*o**2 - 3*o + 1. Suppose 0 = -f - 4*u + 1, 77 = 8*f - 3*f - 4*u. Suppose 9*w - f*w = -8. List the prime factors of a(w).
47
Let k(v) = 29*v + 19. List the prime factors of k(62).
23, 79
Suppose -17*n + 26*n - 3366 = 0. List the prime factors of n.
2, 11, 17
Let q = 16 - 14. Suppose 4 = -q*v + 4*v. Suppose v*l + 11 = 39. What are the prime factors of l?
2, 7
Let k be (-4)/(-3)*(-24)/(-16). Suppose 3*s - k*z = 108, -4*z - z - 83 = -2*s. Let a = s + -10. What are the prime factors of a?
2, 3
Let m(h) = -218*h**3 - 2*h + 2. Let f be m(1). Let s = -110 - f. What are the prime factors of s?
2, 3
Let p(w) = -w**3 + 15*w - 7*w**2 - 50*w + 1 + 27*w. Suppose -4*k - 24 = 4*l, 0*l = -4*l + k - 29. What are the prime factors of p(l)?
3, 19
Let s = 697 - 301. What are the prime factors of s?
2, 3, 11
Suppose -5*q - w = -1112, 0 = 4*q + 2*w - 6*w - 880. List the prime factors of q.
2, 3, 37
Let x = 1162 - 352. What are the prime factors of x?
2, 3, 5
Let n(f) = -f**3 - f + 5. Let y be n(0). Suppose 16 = -y*b - 24. What are the prime factors of (35/2)/((-4)/b)?
5, 7
Suppose -4*f + 232 = 52. Suppose 7*p + f = 486. What are the prime factors of p?
3, 7
Suppose -41 = 4*w - 3*i + 21, -3*w + i = 49. Let v = 3 - w. What are the prime factors of v?
2, 5
Suppose -131 + 45 = -i. Suppose -x + 0*x = -l - 21, -i = -4*x + 5*l. Let g = 33 - x. What are the prime factors of g?
2, 7
